nd 4378174800?
600
What is the highest common factor of 27 and 13310577?
9
Calculate the highest common divisor of 17120 and 19046.
214
What is the highest common factor of 3563027 and 230347?
4901
Calculate the highest common factor of 139 and 22782378.
139
Calculate the highest common factor of 1097295 and 9168.
573
What is the highest common factor of 68 and 12063364?
4
Calculate the highest common divisor of 4597041 and 1926.
321
Calculate the highest common factor of 34850 and 510.
170
Calculate the greatest common factor of 13 and 326939717.
13
Calculate the highest common factor of 12651825 and 15900.
75
What is the greatest common factor of 10894 and 184407766?
838
What is the greatest common divisor of 132 and 17640480?
132
Calculate the highest common factor of 826 and 114932.
118
What is the highest common divisor of 5061745 and 1822340?
2795
Calculate the highest common factor of 138622086 and 36.
18
What is the greatest common divisor of 6008 and 351908086?
1502
Calculate the highest common factor of 1702402 and 7891.
13
What is the greatest common factor of 93982 and 120286?
274
What is the highest common factor of 52 and 5503095?
13
Calculate the highest common divisor of 31592 and 83026648.
2872
Calculate the greatest common divisor of 1577464339 and 1154.
577
Calculate the greatest common factor of 6210 and 431779.
23
Calculate the highest common divisor of 27 and 1726743.
3
Calculate the greatest common divisor of 26 and 83831007.
13
Calculate the greatest common factor of 112 and 5758396.
28
Calculate the highest common divisor of 305938 and 3967732.
3154
Calculate the greatest common factor of 1755 and 5712265.
65
Calculate the highest common divisor of 13115 and 8183150.
305
What is the highest common factor of 584 and 10271757?
73
What is the greatest common divisor of 208745809 and 2557?
2557
What is the highest common divisor of 15451271 and 1096?
137
What is the greatest common divisor of 167986728 and 48?
24
Calculate the highest common factor of 7522 and 95510595.
3761
Calculate the highest common factor of 166563 and 660951.
279
Calculate the greatest common factor of 1420623 and 2803145.
5443
Calculate the greatest common divisor of 29409443 and 85225.
3409
What is the greatest common factor of 6 and 2811?
3
Calculate the greatest common divisor of 4602 and 1546560392.
1534
Calculate the highest common factor of 304265 and 36053.
31
Calculate the highest common divisor of 82871698 and 42.
14
What is the greatest common factor of 17964610 and 604210?
8510
Calculate the highest common divisor of 705547 and 56461.
431
Calculate the highest common factor of 66424940 and 30.
10
Calculate the highest common factor of 110 and 31030846.
22
Calculate the highest common factor of 510 and 168808062.
102
What is the highest common factor of 1729 and 61465?
19
Calculate the greatest common divisor of 241725 and 64955.
55
What is the greatest common factor of 136 and 239592?
8
What is the greatest common factor of 3409011 and 1944?
9
Calculate the greatest common divisor of 1017447 and 1430646.
4443
Calculate the highest common factor of 76739 and 91.
13
Calculate the greatest common divisor of 12850 and 11895502.
514
What is the highest common divisor of 8210685 and 735?
735
What is the greatest common factor of 54911 and 12556?
43
Calculate the highest common divisor of 2030 and 54186790.
2030
Calculate the greatest common factor of 7731756 and 36.
36
What is the greatest common divisor of 492 and 1055001504?
492
What is the highest common factor of 4983 and 747901792?
1661
What is the greatest common factor of 6 and 31071246?
6
What is the greatest common factor of 708336356 and 5768?
2884
Calculate the highest common factor of 1039 and 1076178537.
1039
Calculate the highest common divisor of 1045 and 3844665.
55
What is the highest common factor of 29704 and 21479000?
376
What is the highest common divisor of 57008 and 9728?
16
What is the highest common factor of 549837609 and 207?
69
Calculate the highest common divisor of 14467 and 2891445.
391
What is the highest common divisor of 12532 and 25792?
52
What is the greatest common factor of 34742501 and 10287?
127
Calculate the greatest common factor of 729262 and 17748358.
4474
Calculate the greatest common factor of 1139649 and 861.
21
What is the greatest common divisor of 513 and 12591927?
171
Calculate the greatest common factor of 1505 and 86455585.
215
What is the highest common divisor of 9142 and 10091462?
1306
What is the greatest common factor of 48468903 and 9114?
651
What is the greatest common divisor of 2 and 5768401?
1
What is the greatest common factor of 1592400 and 2820?
60
What is the highest common factor of 818350900 and 200?
100
What is the highest common divisor of 384 and 45927456?
96
Calculate the greatest common divisor of 41040 and 45858096.
8208
Calculate the highest common divisor of 30075 and 60375.
75
What is the highest common divisor of 193469049 and 3231?
3231
Calculate the highest common factor of 8459293 and 226.
113
What is the highest common factor of 12882 and 391210?
38
Calculate the greatest common divisor of 598 and 231640.
2
Calculate the greatest common factor of 2285 and 3739631.
457
What is the greatest common divisor of 2448448 and 3484?
268
Calculate the greatest common divisor of 1465 and 13760.
5
What is the highest common divisor of 198720 and 21184?
64
Calculate the highest common factor of 6028314 and 564.
282
Calculate the greatest common factor of 3748210 and 20.
10
Calculate the highest common factor of 51690 and 36291.
3
What is the highest common factor of 99099 and 553?
7
What is the greatest common divisor of 475 and 4498649?
19
What is the highest common factor of 113948 and 15372?
244
What is the highest common divisor of 392128 and 1646492?
2228
What is the greatest common divisor of 15094030 and 35?
35
Calculate the greatest common factor of 36608 and 1448876.
572
What is the greatest common divisor of 57508 and 2437555?
1307
What is the highest common divisor of 584 and 51782404?
292
Calculate the greatest common factor of 370 and 41135786.
74
What is the highest common divisor of 8928 and 312636736?
992
What is the highest common factor of 24253086 and 182?
26
Calculate the greatest common divisor of 603870 and 25280.
10
What is the highest common factor of 4745 and 3693435?
365
What is the greatest common factor of 1925 and 201575?
275
Calculate the highest common divisor of 1479 and 7182024.
1479
Calculate the highest common divisor of 556752 and 123312.
336
What is the highest common factor of 1092 and 53595906?
546
What is the greatest common factor of 114568 and 216?
8
What is the highest common divisor of 76 and 487901?
19
Calculate the highest common divisor of 61675 and 143029259.
2467
What is the greatest common divisor of 354 and 1560963?
177
Calculate the highest common factor of 260 and 85124.
52
Calculate the highest common divisor of 39262419 and 17262.
8631
Calculate the highest common factor of 25483171 and 602.
7
Calculate the highest common divisor of 504 and 193584888.
504
Calculate the greatest common divisor of 1127040 and 6240.
480
What is the greatest common divisor of 14241172 and 209?
11
Calculate the highest common divisor of 378700806 and 91344.
11418
Calculate the highest common factor of 36514 and 52.
2
What is the highest common divisor of 17978896 and 1159?
61
Calculate the greatest common factor of 628207905 and 390.
195
What is the greatest common divisor of 1695 and 275872098?
339
Calculate the highest common divisor of 123281 and 173477.
47
What is the highest common factor of 10703 and 1650069?
139
Calculate the greatest common divisor of 33801667 and 83.
83
Calculate the greatest common divisor of 7820550 and 85350.
150
Calculate the highest common divisor of 10665709 and 1142.
571
Calculate the greatest common factor of 581020 and 3916.
44
What is the greatest common divisor of 12480950 and 2300?
1150
What is the highest common divisor of 1200312 and 1728?
216
Calculate the highest common factor of 1159930 and 44474.
1202
Calculate the greatest common divisor of 140857680 and 12.
12
What is the highest common divisor of 903885 and 435?
15
What is the highest common 